= 8*m**2 - 2*m + 3. Let w(y) = -32*y**2 + 9*y - 13. Let x(z) = -9*r(z) - 2*w(z). Suppose -119*d + 122*d - s + 5 = 0, -3*d + 1 = 2*s. Give x(d).
-9
Let w(s) be the third derivative of -s**4/24 - 11*s**3/6 + s**2. Let z be -3*(-3)/9*9. Let d be (-1)/(-3)*-4*z/2. Give w(d).
-5
Let y(r) = 476*r**2 + 10 + 7*r - 475*r**2 + r. Calculate y(-5).
-5
Let w(o) = -o**2 - 11*o - 11. Let g be w(-9). Let q(y) be the second derivative of -y**4/12 + 3*y**3/2 - 5*y**2 - 150*y. What is q(g)?
4
Let s(z) = -5*z**2 + 5*z + 1. Let q(r) = -14*r**2 + 14*r + 3. Let x(g) = -4*q(g) + 11*s(g). Let i(k) = 18*k**2 - 4*k - 1. Let v(d) = -i(d) + 2*x(d). Give v(1).
-15
Let j(v) be the first derivative of -7*v**4/4 + v**2 - 7. Let c(o) = -20*o**3 + o**2 + 5*o. Let a(b) = -6*c(b) + 17*j(b). Determine a(5).
-5
Suppose -105 = -0*o - 5*o. Suppose -2*p + 5*p - o = 0. Let t(w) = 2*w - 1 - 3 - 2. Give t(p).
8
Let h(q) be the first derivative of q**4/4 + 4*q**3/3 + q**2 + 2*q + 164. Suppose -r - 2*u = -3 + 2, 1 = -r - u. Determine h(r).
5
Let p(b) = -b**2 - 8*b - 14. Suppose z + 2 = -5. Determine p(z).
-7
Let y(q) = q + 2. Let s = 235 - 242. Give y(s).
-5
Let b = -4 + 31. Let v(r) = 0 - b*r + 5 + 25*r. Determine v(4).
-3
Let q(s) = 2*s - 4. Let y = 7 - -4. Let t(m) = 22*m - 17*m - y*m - 1. Let u be t(-1). Give q(u).
6
Let j(p) = -7 + 0*p**2 - p**2 - 3*p - 4*p. Let i = 1569 + -1575. Give j(i).
-1
Let v(x) = 5*x**2 - x + 1. Let h be v(1). Suppose -5 = -3*w + 4*p, 0*p = 3*w + 2*p - 29. Let s(f) = -f**3 + 3*f**2 + 6*f + 3*f**2 - 2*f**2 - w + 2. Give s(h).
0
Let j be (-6 - 0)*13/39*1. Let o(z) = -z**3 - 3*z**2 + 3*z + 2. What is o(j)?
-8
Let n(c) be the first derivative of c**2 - c + 404. Give n(-4).
-9
Let w(i) be the second derivative of i**3/6 + 9*i**2/2 - i. Let k be ((-4)/(-1))/((-112)/140). Determine w(k).
4
Suppose 4*s + 2 - 23 = 3*j, s = 4*j + 15. Let d be j - 4/(16/(-20)). Suppose -4*l = -d*n - 10, 1 = -2*n - 2*l - 9. Let m(p) = -p - 3. What is m(n)?
2
Let z(h) = 2*h - 6. Let s be z(6). Let g(u) be the first derivative of u**3/3 - u**2/2 - 8*u - 73. What is g(s)?
22
Let b = 6 - 4. Let u(t) = -t**b - 2 - t**3 + 2 - 2*t. Let d(r) = r**2 - 2*r - 37. Let c be d(7). Give u(c).
8
Let b(x) be the first derivative of -x**2/2 + 8*x + 30. Suppose c - 3 = -u, -5*c = 3*u - 10*c - 1. Let o(h) = -7. Let q(i) = u*b(i) + 3*o(i). Calculate q(-4).
3
Let y(m) be the first derivative of m**3/3 + 3*m**2 + 6*m - 804. Calculate y(-2).
-2
Let q(t) be the second derivative of -t**3 - 5*t**2/2 - 2*t + 5. Give q(-7).
37
Suppose -35 = -4*h - 11. Let l(a) = -15*a**3 - 3*a**2 - a - 27. Let j(n) = 7*n**3 + 0*n + 17 + n**2 - 4 + 0*n. Let t(q) = -13*j(q) - 6*l(q). What is t(h)?
-7
Let s(p) = p**3 + 8*p**2 + 7*p + 6. Suppose k - 5*v - 2 = -8*v, k + 22 = 5*v. What is s(k)?
6
Suppose -8*a - 25 = -33. Let k(o) = 11*o**2 + 3*o - 3. Give k(a).
11
Suppose -n - 5*y + 28 = 3*n, 0 = 3*n - y - 2. Let a(c) = 3*c + 3*c**2 + 6 + n*c**2 - 5 - 4*c**2. Suppose 2*f = -4*m, -5*f + 18 = -m + 2*m. Give a(m).
-1
Let t(z) be the third derivative of -z**6/120 + z**5/15 - z**4/8 + 2*z**3/3 + 125*z**2. Calculate t(3).
4
Suppose 10*b = 6*b + 16. Let y = b - 7. Let d(p) be the second derivative of p**4/12 + p**3/3 - 2*p. Give d(y).
3
Let m(z) = -7*z**2 + 3*z - 21. Let p(i) = -3*i**2 + i - 10. Let h(f) = -2*m(f) + 5*p(f). Let q = 21 + -12. Let k = q - 9. Calculate h(k).
-8
Suppose -w = -0*w - 3. Let z(g) be the second derivative of g**4/12 - g**3/6 + 65*g. Let c be z(w). Let d(y) = -y + 2. What is d(c)?
-4
Let u(a) = 7*a**2 + 15*a - 2. Let m(t) = 11*t**2 + 22*t - 4. Let n(g) = 5*m(g) - 8*u(g). Suppose -8*z - 5*h - 75 = -3*z, 0 = -z - 3*h - 25. Determine n(z).
-4
Let x(a) = -a**2 - 9*a + 13. Let w(j) = -2*j + 4. Let k be w(7). Let z be x(k). Let o(y) be the second derivative of 2*y**3/3 + 4*y. Give o(z).
12
Let d = -15 - -15. Suppose 2*h - 3*h + 3 = d. Let z(i) = 0*i + h*i - 1 - 5*i. Give z(2).
-5
Let a = 105 + -110. Let l(g) = g**3 + 5*g**2 - 3*g + 2. Determine l(a).
17
Let o(j) = j**2 + 3*j + 5. Let f(k) = -k**3 - 24*k**2 - 5. Let y be f(-24). Determine o(y).
15
Let p(h) = -h**3 - 12*h**2 - 10*h + 5. Let f be ((-2)/(-6))/(1/(-33)). Calculate p(f).
-6
Let i be ((-4)/(-10))/((-2)/(-10)). Let o(d) = -3 + 1 + i*d + 3. Let s = -2879 + 2880. Calculate o(s).
3
Let s(j) be the first derivative of -j**2 + 0*j + 14 + 2/3*j**3. What is s(2)?
4
Let o(g) = g**3 + 1 + 7*g**2 + 16*g - 10*g + 2. What is o(-6)?
3
Let g(m) = m**3 - 6*m**2 + 3*m + 1. Let l be (-6)/(-3)*((-10)/4)/(-1). Calculate g(l).
-9
Let n = -264 + 266. Suppose -4*i = -2*i - 44. Let c(h) = h**n - 8 + 2 + 16*h - i*h. What is c(5)?
-11
Let v(q) be the second derivative of q**4/12 - 13*q**2 - q - 3. Calculate v(0).
-26
Let n(w) = w**3 + 5*w**2 + w - 4. Let a(s) = -s + 2. Suppose 0 = 5*q - 34 - 86. Suppose 8*z = 12*z - q. Let t be a(z). Calculate n(t).
8
Let b(j) be the first derivative of j**6/360 - j**5/20 - j**4/6 - 5*j**3 - 7. Let c(x) be the third derivative of b(x). What is c(6)?
-4
Let c(x) = 8*x**3 + 19*x**2 - 16*x + 10. Let o(z) = -3*z**3 - 6*z**2 + 5*z - 3. Let j(n) = -4*c(n) - 11*o(n). Calculate j(9).
-7
Let x(p) = -74*p**2 + 64*p**2 + 4*p**2 - 5 - 3*p + 4*p**2 + p**3. Give x(-2).
-15
Suppose 8*j - 3*j - 50 = 0. Suppose -5*c = -3*c - j. Let p(i) be the third derivative of i**4/24 - 2*i**3/3 - i**2. Give p(c).
1
Let k(o) = -2*o**2 + 34*o + 345. Let q be k(24). Let j(p) = p**2 - 9*p - 2. Calculate j(q).
-2
Let f(h) = -h - 5. Let z be f(-9). Suppose -10 = -z*l - 2. Let j(u) = 3*u**2 + 3*u - 3. What is j(l)?
15
Let b(d) = -2*d**2 - d - 1. Suppose 4*o + 17 = -5*f - 10, -2*f - o = 9. Give b(f).
-16
Let f(u) = 4*u**2 - u**3 - 118765*u + 3 + 118765*u. Calculate f(5).
-22
Let p(r) = 9*r**2 - 1. Let u(y) = 2*y**2 + 2*y + 5. Let o be u(0). Suppose o*x = 0, 2*j = -0*x - x + 2. Give p(j).
8
Suppose 0 = 23*p - 13*p - 40. Let x(k) be the third derivative of -2*k**2 + 0*k**3 + 0*k + 1/24*k**4 + 0. Calculate x(p).
4
Let f(r) be the second derivative of r**5/10 - r**4/6 + r**3/3 - 3*r**2/2 + 59*r. Calculate f(2).
9
Suppose -12 = -19*g + 25*g. Let i(u) = -6*u + 2. Give i(g).
14
Suppose 5*d - 4*r = 84, 0 = 3*d - 4*d - r + 15. Suppose -3*b + d = 2*z, b - 5*z = -z - 18. Let v be -7 + 3 + (-2)/b. Let i(j) = j**2 + 7*j + 3. Give i(v).
-7
Let z(k) = -k**2 + 9*k - 4. Let s be z(5). Suppose -2*u = 4*a - s, 5*u - 25 = -5*a - 10. Let h(i) = i. Give h(a).
5
Suppose 28 - 8 = 5*g. Suppose -2*n + g = 2*r, 5*n + r - 11 = -3*r. Let a(w) = 9*w**2 + 4*w - n*w - 15*w**2. Determine a(1).
-5
Let v(n) = -11 + 0*n + 5 - 2*n + 0*n. Calculate v(0).
-6
Let h(n) = 6*n**2 + 3*n - 1. Let w be h(2). Let l = w + -24. Let k(r) = r - 7*r**2 + r**2 + r**2 - l*r**2. Determine k(1).
-9
Let d(j) = -2*j + 8. Let o(h) = 2*h - 7. Let l(v) = -4*d(v) - 5*o(v). Suppose 0 = -2*w + 20 - 8. Suppose 2*s = -4*u + 3*u - w, -s - 14 = -5*u. What is l(s)?
11
Let j(d) = 7*d + 2. Let c(p) = -6*p - 2. Let f(x) = -4*c(x) - 3*j(x). Let m(b) = -b**2 - 4*b - 3. Let z(w) = 3*f(w) + 2*m(w). What is z(1)?
-1
Let n be -3 - (13 + -7)/(-2). Let z(r) = -r**2 + 7. Give z(n).
7
Let y be (-3)/(-57) - (-660)/95. Let g(l) = l**2 - 3*l - 30. Calculate g(y).
-2
Suppose 5*t - 3*g - 1 = 0, 4 = -3*t + 5*g - 5. Suppose -9 = i - t. Let y(c) = -c - 6. What is y(i)?
1
Suppose 7 = -3*m + 4*p + 2, -5*m - 12 = -3*p. Let j(b) = -b**3 - 3*b**2 + b - 6. Determine j(m).
-9
Suppose 0 = -3*w - 15, 2*o - 13 = -2*w + w. Let z(k) = 2*k**2 - k**2 - 11*k + 7 + o*k. Determine z(5).
22
Let x(w) = 3*w + 1 - w**3 + 4*w**2 - w - 7*w**2. Suppose 0*g - g = 0. Suppose 5*h + 10 = t - 5, -t = g. Calculate x(h).
-5
Let s(d) = 4*d**2 - 1. Let p(n) = -20*n**2 + n + 6. Let u(r) = -2*p(r) - 11*s(r). Suppose -4*t + 4*f - 22 = 78, t + 29 = 3*f. Let a = -24 - t. Determine u(a).
-3
Let t(v) = -4 + 28*v - 27*v + 8. Give t(-4).
0
Let j be 1 + -2*(-6)/(-3). Let u(a) = 15*a**3 - 5*a**2 + 19*a + 21. Let z(r) = -7*r**3 + 2*r**2 - 9*r - 10. Let s(w) = -6*u(w) - 13*z(w). Give s(j).
4
Let j(c) = -2*c - 6. Let m be j(-11). Suppose 0 = 3*y - m + 7. Suppose 5*r = -2*b - y*b - 5, -4*b = -4*r + 36. Let g(p) = p**3 + 4*p**2 - 3*p + 2. What is g(b)?
-8
Let y(m) = -m - 5. Suppose -5*b + 17 = -0*b + 4*f, 3*b + 2*f = 11. Let o = 16 - 11. Suppose 0*u = b*x - o*u + 25, -5*x = 2*u - 10. What is y(x)?
-5
Let q = 126 - 125. Suppose 